CRAN Package Check Results for Package Census2016

Last updated on 2019-06-17 19:46:54 CEST.

Flavor Version Tinstall Tcheck Ttotal Status Flags
r-devel-linux-x86_64-debian-clang 0.2.0 8.69 43.02 51.71 OK
r-devel-linux-x86_64-debian-gcc 0.2.0 7.65 34.84 42.49 OK
r-devel-linux-x86_64-fedora-clang 0.2.0 62.80 NOTE
r-devel-linux-x86_64-fedora-gcc 0.2.0 59.66 NOTE
r-devel-windows-ix86+x86_64 0.2.0 23.00 67.00 90.00 OK
r-patched-linux-x86_64 0.2.0 9.14 42.12 51.26 OK
r-patched-solaris-x86 0.2.0 84.40 NOTE
r-release-linux-x86_64 0.2.0 9.21 42.21 51.42 OK
r-release-windows-ix86+x86_64 0.2.0 13.00 54.00 67.00 OK
r-release-osx-x86_64 0.2.0 NOTE
r-oldrel-windows-ix86+x86_64 0.2.0 10.00 66.00 76.00 OK
r-oldrel-osx-x86_64 0.2.0 NOTE

Check Details

Version: 0.2.0
Check: dependencies in R code
Result: NOTE
    Namespace in Imports field not imported from: ‘data.table’
     All declared Imports should be used.
Flavors: r-devel-linux-x86_64-fedora-clang, r-devel-linux-x86_64-fedora-gcc, r-patched-solaris-x86, r-release-osx-x86_64, r-oldrel-osx-x86_64