CRAN Package Check Results for Package Census2016

Last updated on 2019-08-18 07:48:47 CEST.

Flavor Version Tinstall Tcheck Ttotal Status Flags
r-devel-linux-x86_64-debian-clang 0.2.0 9.12 43.24 52.36 OK
r-devel-linux-x86_64-debian-gcc 0.2.0 8.11 34.80 42.91 OK
r-devel-linux-x86_64-fedora-clang 0.2.0 66.39 NOTE
r-devel-linux-x86_64-fedora-gcc 0.2.0 62.56 NOTE
r-devel-windows-ix86+x86_64 0.2.0 16.00 69.00 85.00 OK
r-patched-linux-x86_64 0.2.0 9.30 42.46 51.76 OK
r-patched-solaris-x86 0.2.0 85.80 NOTE
r-release-linux-x86_64 0.2.0 9.18 41.89 51.07 OK
r-release-windows-ix86+x86_64 0.2.0 18.00 52.00 70.00 OK
r-release-osx-x86_64 0.2.0 NOTE
r-oldrel-windows-ix86+x86_64 0.2.0 19.00 66.00 85.00 OK
r-oldrel-osx-x86_64 0.2.0 NOTE

Check Details

Version: 0.2.0
Check: dependencies in R code
Result: NOTE
    Namespace in Imports field not imported from: ‘data.table’
     All declared Imports should be used.
Flavors: r-devel-linux-x86_64-fedora-clang, r-devel-linux-x86_64-fedora-gcc, r-patched-solaris-x86, r-release-osx-x86_64, r-oldrel-osx-x86_64