CRAN Package Check Results for Package Census2016

Last updated on 2020-07-04 19:47:17 CEST.

Flavor Version Tinstall Tcheck Ttotal Status Flags
r-devel-linux-x86_64-debian-clang 0.2.0 8.18 43.98 52.16 OK
r-devel-linux-x86_64-debian-gcc 0.2.0 7.02 35.27 42.29 OK
r-devel-linux-x86_64-fedora-clang 0.2.0 73.90 NOTE
r-devel-linux-x86_64-fedora-gcc 0.2.0 63.86 NOTE
r-devel-windows-ix86+x86_64 0.2.0 19.00 71.00 90.00 OK
r-patched-linux-x86_64 0.2.0 8.25 43.25 51.50 OK
r-patched-solaris-x86 0.2.0 85.00 NOTE
r-release-linux-x86_64 0.2.0 8.40 43.05 51.45 OK
r-release-osx-x86_64 0.2.0 NOTE
r-release-windows-ix86+x86_64 0.2.0 13.00 53.00 66.00 OK
r-oldrel-osx-x86_64 0.2.0 NOTE
r-oldrel-windows-ix86+x86_64 0.2.0 14.00 119.00 133.00 OK

Check Details

Version: 0.2.0
Check: dependencies in R code
Result: NOTE
    Namespace in Imports field not imported from: ‘data.table’
     All declared Imports should be used.
Flavors: r-devel-linux-x86_64-fedora-clang, r-devel-linux-x86_64-fedora-gcc, r-patched-solaris-x86, r-release-osx-x86_64, r-oldrel-osx-x86_64