CRAN Package Check Results for Package CausalImpact

Last updated on 2019-09-24 07:48:31 CEST.

Flavor Version Tinstall Tcheck Ttotal Status Flags
r-devel-linux-x86_64-debian-clang 1.2.3 6.72 102.16 108.88 NOTE
r-devel-linux-x86_64-debian-gcc 1.2.3 4.67 73.87 78.54 NOTE
r-devel-linux-x86_64-fedora-clang 1.2.3 127.80 NOTE
r-devel-linux-x86_64-fedora-gcc 1.2.3 128.98 NOTE
r-devel-windows-ix86+x86_64 1.2.3 24.00 154.00 178.00 NOTE
r-patched-linux-x86_64 1.2.3 5.78 99.57 105.35 NOTE
r-release-linux-x86_64 1.2.3 6.09 98.37 104.46 NOTE
r-release-windows-ix86+x86_64 1.2.3 23.00 169.00 192.00 NOTE
r-release-osx-x86_64 1.2.3 NOTE
r-oldrel-windows-ix86+x86_64 1.2.3 7.00 109.00 116.00 NOTE
r-oldrel-osx-x86_64 1.2.3 OK

Check Details

Version: 1.2.3
Check: R code for possible problems
Result: NOTE
    ConstructModel: warning in AddDynamicRegression(ss, formula, data =
     data, sigma.mean.prior = sigma.mean.prior): partial argument match of
     'sigma.mean.prior' to 'sigma.mean.prior.DEPRECATED'
Flavors: r-devel-linux-x86_64-debian-clang, r-devel-linux-x86_64-debian-gcc, r-devel-linux-x86_64-fedora-clang, r-devel-linux-x86_64-fedora-gcc, r-devel-windows-ix86+x86_64, r-patched-linux-x86_64, r-release-linux-x86_64, r-release-windows-ix86+x86_64, r-release-osx-x86_64, r-oldrel-windows-ix86+x86_64