CRAN Package Check Results for Package CausalImpact

Last updated on 2019-06-26 07:49:04 CEST.

Flavor Version Tinstall Tcheck Ttotal Status Flags
r-devel-linux-x86_64-debian-clang 1.2.3 6.48 103.01 109.49 NOTE
r-devel-linux-x86_64-debian-gcc 1.2.3 5.29 74.10 79.39 NOTE
r-devel-linux-x86_64-fedora-clang 1.2.3 123.41 NOTE
r-devel-linux-x86_64-fedora-gcc 1.2.3 123.38 NOTE
r-devel-windows-ix86+x86_64 1.2.3 17.00 162.00 179.00 NOTE
r-patched-linux-x86_64 1.2.3 5.51 99.57 105.08 NOTE
r-release-linux-x86_64 1.2.3 6.54 102.16 108.70 NOTE
r-release-windows-ix86+x86_64 1.2.3 13.00 126.00 139.00 NOTE
r-release-osx-x86_64 1.2.3 NOTE
r-oldrel-windows-ix86+x86_64 1.2.3 8.00 100.00 108.00 NOTE
r-oldrel-osx-x86_64 1.2.3 OK

Check Details

Version: 1.2.3
Check: R code for possible problems
Result: NOTE
    ConstructModel: warning in AddDynamicRegression(ss, formula, data =
     data, sigma.mean.prior = sigma.mean.prior): partial argument match of
     'sigma.mean.prior' to 'sigma.mean.prior.DEPRECATED'
Flavors: r-devel-linux-x86_64-debian-clang, r-devel-linux-x86_64-debian-gcc, r-devel-linux-x86_64-fedora-clang, r-devel-linux-x86_64-fedora-gcc, r-devel-windows-ix86+x86_64, r-patched-linux-x86_64, r-release-linux-x86_64, r-release-windows-ix86+x86_64, r-release-osx-x86_64, r-oldrel-windows-ix86+x86_64