CRAN Package Check Results for Package CVThresh

Last updated on 2021-04-21 04:48:54 CEST.

Flavor Version Tinstall Tcheck Ttotal Status Flags
r-devel-linux-x86_64-debian-clang 1.1.1 2.89 28.10 30.99 NOTE
r-devel-linux-x86_64-debian-gcc 1.1.1 2.03 22.29 24.32 NOTE
r-devel-linux-x86_64-fedora-clang 1.1.1 47.85 NOTE
r-devel-linux-x86_64-fedora-gcc 1.1.1 37.14 NOTE
r-devel-windows-ix86+x86_64 1.1.1 6.00 38.00 44.00 NOTE
r-devel-windows-x86_64-gcc10-UCRT 1.1.1 NOTE
r-patched-linux-x86_64 1.1.1 2.92 27.05 29.97 NOTE
r-patched-solaris-x86 1.1.1 55.20 NOTE
r-release-linux-x86_64 1.1.1 3.03 27.18 30.21 NOTE
r-release-macos-x86_64 1.1.1 NOTE
r-release-windows-ix86+x86_64 1.1.1 6.00 37.00 43.00 NOTE
r-oldrel-macos-x86_64 1.1.1 NOTE
r-oldrel-windows-ix86+x86_64 1.1.1 4.00 43.00 47.00 NOTE

Check Details

Version: 1.1.1
Check: R code for possible problems
Result: NOTE
    cvimpute.by.wavelet: no visible global function definition for 'sd'
    cvimpute.by.wavelet: no visible global function definition for 'mad'
    cvimpute.image.by.wavelet: no visible global function definition for
     'sd'
    cvimpute.image.by.wavelet: no visible global function definition for
     'mad'
    cvwavelet.image.after.impute: no visible global function definition for
     'sd'
    cvwavelet.image.after.impute: no visible global function definition for
     'mad'
    Undefined global functions or variables:
     mad sd
    Consider adding
     importFrom("stats", "mad", "sd")
    to your NAMESPACE file.
Flavors: r-devel-linux-x86_64-debian-clang, r-devel-linux-x86_64-debian-gcc, r-devel-linux-x86_64-fedora-clang, r-devel-linux-x86_64-fedora-gcc, r-devel-windows-ix86+x86_64, r-devel-windows-x86_64-gcc10-UCRT, r-patched-linux-x86_64, r-patched-solaris-x86, r-release-linux-x86_64, r-release-macos-x86_64, r-release-windows-ix86+x86_64, r-oldrel-macos-x86_64, r-oldrel-windows-ix86+x86_64