CRAN Package Check Results for Package CISE

Last updated on 2019-07-19 19:46:43 CEST.

Flavor Version Tinstall Tcheck Ttotal Status Flags
r-devel-linux-x86_64-debian-clang 0.1.0 7.95 77.08 85.03 NOTE
r-devel-linux-x86_64-debian-gcc 0.1.0 6.58 59.57 66.15 NOTE
r-devel-linux-x86_64-fedora-clang 0.1.0 99.96 OK
r-devel-linux-x86_64-fedora-gcc 0.1.0 99.00 OK
r-devel-windows-ix86+x86_64 0.1.0 23.00 116.00 139.00 NOTE
r-patched-linux-x86_64 0.1.0 8.14 75.48 83.62 OK
r-patched-solaris-x86 0.1.0 173.60 OK
r-release-linux-x86_64 0.1.0 8.51 74.89 83.40 OK
r-release-windows-ix86+x86_64 0.1.0 13.00 79.00 92.00 OK
r-release-osx-x86_64 0.1.0 OK
r-oldrel-windows-ix86+x86_64 0.1.0 9.00 79.00 88.00 OK
r-oldrel-osx-x86_64 0.1.0 OK

Check Details

Version: 0.1.0
Check: package vignettes
Result: NOTE
    Package vignette with placeholder title 'Vignette Title':
     'CISE_vignette.Rmd'
Flavors: r-devel-linux-x86_64-debian-clang, r-devel-linux-x86_64-debian-gcc, r-devel-windows-ix86+x86_64