CRAN Package Check Results for Package CB2

Last updated on 2019-08-24 19:47:07 CEST.

Flavor Version Tinstall Tcheck Ttotal Status Flags
r-devel-linux-x86_64-debian-clang 1.2.1 31.87 48.16 80.03 OK
r-devel-linux-x86_64-debian-gcc 1.2.1 27.85 37.61 65.46 OK
r-devel-linux-x86_64-fedora-clang 1.2.1 110.32 NOTE
r-devel-linux-x86_64-fedora-gcc 1.2.1 102.93 OK
r-devel-windows-ix86+x86_64 1.2.1 65.00 84.00 149.00 OK
r-patched-linux-x86_64 1.2.1 29.38 46.92 76.30 OK
r-patched-solaris-x86 1.2.1 131.40 OK
r-release-linux-x86_64 1.2.1 28.32 46.78 75.10 OK
r-release-windows-ix86+x86_64 1.2.1 98.00 142.00 240.00 OK
r-release-osx-x86_64 1.2.1 NOTE
r-oldrel-windows-ix86+x86_64 1.2.1 90.00 124.00 214.00 OK
r-oldrel-osx-x86_64 1.2.1 NOTE

Check Details

Version: 1.2.1
Check: installed package size
Result: NOTE
     installed size is 5.2Mb
     sub-directories of 1Mb or more:
     data 1.2Mb
     extdata 1.1Mb
     libs 2.6Mb
Flavors: r-devel-linux-x86_64-fedora-clang, r-release-osx-x86_64, r-oldrel-osx-x86_64