CRAN Package Check Results for Package CB2

Last updated on 2019-06-16 07:46:47 CEST.

Flavor Version Tinstall Tcheck Ttotal Status Flags
r-devel-linux-x86_64-debian-clang 1.2.1 31.71 47.97 79.68 OK
r-devel-linux-x86_64-debian-gcc 1.2.1 28.50 38.16 66.66 OK
r-devel-linux-x86_64-fedora-clang 1.2.1 108.63 NOTE
r-devel-linux-x86_64-fedora-gcc 1.2.1 100.15 OK
r-devel-windows-ix86+x86_64 1.2.1 87.00 128.00 215.00 OK
r-patched-linux-x86_64 1.2.1 29.90 47.28 77.18 OK
r-patched-solaris-x86 1.2.1 131.30 OK
r-release-linux-x86_64 1.2.1 29.39 47.23 76.62 OK
r-release-windows-ix86+x86_64 1.2.1 72.00 89.00 161.00 OK
r-release-osx-x86_64 1.2.1 NOTE
r-oldrel-windows-ix86+x86_64 1.2.1 61.00 93.00 154.00 OK
r-oldrel-osx-x86_64 1.2.1 NOTE

Check Details

Version: 1.2.1
Check: installed package size
Result: NOTE
     installed size is 5.0Mb
     sub-directories of 1Mb or more:
     data 1.2Mb
     extdata 1.1Mb
     libs 2.4Mb
Flavors: r-devel-linux-x86_64-fedora-clang, r-release-osx-x86_64, r-oldrel-osx-x86_64