CRAN Package Check Results for Package CAST

Last updated on 2019-06-25 19:49:34 CEST.

Flavor Version Tinstall Tcheck Ttotal Status Flags
r-devel-linux-x86_64-debian-clang 0.3.1 11.01 288.16 299.17 OK
r-devel-linux-x86_64-debian-gcc 0.3.1 9.78 233.28 243.06 OK
r-devel-linux-x86_64-fedora-clang 0.3.1 353.55 OK
r-devel-linux-x86_64-fedora-gcc 0.3.1 347.21 OK
r-devel-windows-ix86+x86_64 0.3.1 39.00 393.00 432.00 OK
r-patched-linux-x86_64 0.3.1 9.53 280.83 290.36 OK
r-patched-solaris-x86 0.3.1 216.90 WARN
r-release-linux-x86_64 0.3.1 11.07 282.51 293.58 OK
r-release-windows-ix86+x86_64 0.3.1 24.00 377.00 401.00 OK
r-release-osx-x86_64 0.3.1 WARN
r-oldrel-windows-ix86+x86_64 0.3.1 15.00 270.00 285.00 OK
r-oldrel-osx-x86_64 0.3.1 WARN

Check Details

Version: 0.3.1
Check: re-building of vignette outputs
Result: WARN
    Error(s) in re-building vignettes:
     ...
    --- re-building ‘CAST-intro.Rmd’ using rmarkdown
    Warning in engine$weave(file, quiet = quiet, encoding = enc) :
     Pandoc (>= 1.12.3) and/or pandoc-citeproc not available. Falling back to R Markdown v1.
    CAST package:CAST R Documentation
    
    '_<08>c_<08>a_<08>r_<08>e_<08>t' _<08>A_<08>p_<08>p_<08>l_<08>i_<08>c_<08>a_<08>t_<08>i_<08>o_<08>n_<08>s _<08>f_<08>o_<08>r _<08>S_<08>p_<08>a_<08>t_<08>i_<08>a_<08>l-_<08>T_<08>e_<08>m_<08>p_<08>o_<08>r_<08>a_<08>l _<08>M_<08>o_<08>d_<08>e_<08>l_<08>s
    
    _<08>D_<08>e_<08>s_<08>c_<08>r_<08>i_<08>p_<08>t_<08>i_<08>o_<08>n:
    
     Supporting functionality to run 'caret' with spatial or
     spatial-temporal data. 'caret' is a frequently used package for
     model training and prediction using machine learning. This package
     includes functions to improve spatial-temporal modelling tasks
     using 'caret'. It prepares data for Leave-Location-Out and
     Leave-Time-Out cross-validation which are target-oriented
     validation strategies for spatial-temporal models. To decrease
     overfitting and improve model performances, the package implements
     a forward feature selection that selects suitable predictor
     variables in view to their contribution to the target-oriented
     performance.
    
    _<08>D_<08>e_<08>t_<08>a_<08>i_<08>l_<08>s:
    
     'caret' Applications for Spatio-Temporal models
    
    _<08>A_<08>u_<08>t_<08>h_<08>o_<08>r(_<08>s):
    
     Hanna Meyer, Christoph Reudenbach, Marvin Ludwig, Thomas Nauss
     _Maintainer:_ Hanna Meyer <email: hanna.meyer@geo.uni-marburg.de>
    
    
    PhantomJS not found. You can install it with webshot::install_phantomjs(). If it is installed, please make sure the phantomjs executable can be found via the PATH variable.
    Warning in normalizePath(f2) :
     path[1]="webshot4f4b500970e5.png": No such file or directory
    Warning in file(con, "rb") :
     cannot open file 'webshot4f4b500970e5.png': No such file or directory
    Quitting from lines 65-73 (CAST-intro.Rmd)
    Error: processing vignette 'CAST-intro.Rmd' failed with diagnostics:
    cannot open the connection
    --- failed re-building ‘CAST-intro.Rmd’
    
    SUMMARY: processing the following file failed:
     ‘CAST-intro.Rmd’
    
    Error: Vignette re-building failed.
    Execution halted
Flavor: r-patched-solaris-x86

Version: 0.3.1
Check: re-building of vignette outputs
Result: WARN
    Error(s) in re-building vignettes:
    --- re-building ‘CAST-intro.Rmd’ using rmarkdown
    Warning in engine$weave(file, quiet = quiet, encoding = enc) :
     Pandoc (>= 1.12.3) and/or pandoc-citeproc not available. Falling back to R Markdown v1.
    CAST package:CAST R Documentation
    
    '_<08>c_<08>a_<08>r_<08>e_<08>t' _<08>A_<08>p_<08>p_<08>l_<08>i_<08>c_<08>a_<08>t_<08>i_<08>o_<08>n_<08>s _<08>f_<08>o_<08>r _<08>S_<08>p_<08>a_<08>t_<08>i_<08>a_<08>l-_<08>T_<08>e_<08>m_<08>p_<08>o_<08>r_<08>a_<08>l _<08>M_<08>o_<08>d_<08>e_<08>l_<08>s
    
    _<08>D_<08>e_<08>s_<08>c_<08>r_<08>i_<08>p_<08>t_<08>i_<08>o_<08>n:
    
     Supporting functionality to run 'caret' with spatial or
     spatial-temporal data. 'caret' is a frequently used package for
     model training and prediction using machine learning. This package
     includes functions to improve spatial-temporal modelling tasks
     using 'caret'. It prepares data for Leave-Location-Out and
     Leave-Time-Out cross-validation which are target-oriented
     validation strategies for spatial-temporal models. To decrease
     overfitting and improve model performances, the package implements
     a forward feature selection that selects suitable predictor
     variables in view to their contribution to the target-oriented
     performance.
    
    _<08>D_<08>e_<08>t_<08>a_<08>i_<08>l_<08>s:
    
     'caret' Applications for Spatio-Temporal models
    
    _<08>A_<08>u_<08>t_<08>h_<08>o_<08>r(_<08>s):
    
     Hanna Meyer, Christoph Reudenbach, Marvin Ludwig, Thomas Nauss
     _Maintainer:_ Hanna Meyer <email: hanna.meyer@geo.uni-marburg.de>
    
    
    PhantomJS not found. You can install it with webshot::install_phantomjs(). If it is installed, please make sure the phantomjs executable can be found via the PATH variable.
    Warning in normalizePath(f2) :
     path[1]="webshotbea5243e3208.png": No such file or directory
    Warning in file(con, "rb") :
     cannot open file 'webshotbea5243e3208.png': No such file or directory
    Quitting from lines 65-73 (CAST-intro.Rmd)
    Error: processing vignette 'CAST-intro.Rmd' failed with diagnostics:
    cannot open the connection
    --- failed re-building ‘CAST-intro.Rmd’
    
    SUMMARY: processing the following file failed:
     ‘CAST-intro.Rmd’
    
    Error: Vignette re-building failed.
    Execution halted
Flavor: r-release-osx-x86_64

Version: 0.3.1
Check: re-building of vignette outputs
Result: WARN
    Error in re-building vignettes:
     ...
     validation strategies for spatial-temporal models. To decrease
     overfitting and improve model performances, the package implements
     a forward feature selection that selects suitable predictor
     variables in view to their contribution to the target-oriented
     performance.
    
    _<08>D_<08>e_<08>t_<08>a_<08>i_<08>l_<08>s:
    
     'caret' Applications for Spatio-Temporal models
    
    _<08>A_<08>u_<08>t_<08>h_<08>o_<08>r(_<08>s):
    
     Hanna Meyer, Christoph Reudenbach, Marvin Ludwig, Thomas Nauss
     _Maintainer:_ Hanna Meyer <email: hanna.meyer@geo.uni-marburg.de>
    
    
    PhantomJS not found. You can install it with webshot::install_phantomjs(). If it is installed, please make sure the phantomjs executable can be found via the PATH variable.
    Warning in normalizePath(f2) :
     path[1]="./webshot2c6d78301f9d.png": No such file or directory
    Warning in file(con, "rb") :
     cannot open file './webshot2c6d78301f9d.png': No such file or directory
    Quitting from lines 65-73 (CAST-intro.Rmd)
    Error: processing vignette 'CAST-intro.Rmd' failed with diagnostics:
    cannot open the connection
    Execution halted
Flavor: r-oldrel-osx-x86_64