CRAN Package Check Results for Package CARBayesST

Last updated on 2021-04-22 16:48:41 CEST.

Flavor Version Tinstall Tcheck Ttotal Status Flags
r-devel-linux-x86_64-debian-clang 3.2 101.41 314.19 415.60 OK
r-devel-linux-x86_64-debian-gcc 3.2 73.83 228.79 302.62 OK
r-devel-linux-x86_64-fedora-clang 3.2 509.46 NOTE
r-devel-linux-x86_64-fedora-gcc 3.2 490.84 NOTE
r-devel-windows-ix86+x86_64 3.2 184.00 417.00 601.00 OK
r-devel-windows-x86_64-gcc10-UCRT 3.2 NOTE
r-patched-linux-x86_64 3.2 81.09 280.13 361.22 OK
r-patched-solaris-x86 3.2 625.10 NOTE
r-release-linux-x86_64 3.2 85.69 281.48 367.17 OK
r-release-macos-x86_64 3.2 NOTE
r-release-windows-ix86+x86_64 3.2 184.00 423.00 607.00 OK
r-oldrel-macos-x86_64 3.2 NOTE
r-oldrel-windows-ix86+x86_64 3.2 170.00 393.00 563.00 OK

Check Details

Version: 3.2
Check: installed package size
Result: NOTE
     installed size is 7.1Mb
     sub-directories of 1Mb or more:
     libs 5.5Mb
Flavors: r-devel-linux-x86_64-fedora-clang, r-release-macos-x86_64, r-oldrel-macos-x86_64

Version: 3.2
Check: dependencies in R code
Result: NOTE
    Namespace in Imports field not imported from: ‘testthat’
     All declared Imports should be used.
Flavors: r-devel-linux-x86_64-fedora-clang, r-devel-linux-x86_64-fedora-gcc, r-devel-windows-x86_64-gcc10-UCRT, r-patched-solaris-x86, r-release-macos-x86_64, r-oldrel-macos-x86_64