CRAN Package Check Results for Package CADStat

Last updated on 2019-10-20 06:46:48 CEST.

Flavor Version Tinstall Tcheck Ttotal Status Flags
r-devel-linux-x86_64-debian-clang 3.0.8 15.50 103.61 119.11 OK
r-devel-linux-x86_64-debian-gcc 3.0.8 13.73 81.95 95.68 OK
r-devel-linux-x86_64-fedora-clang 3.0.8 147.19 OK
r-devel-linux-x86_64-fedora-gcc 3.0.8 144.56 OK
r-devel-windows-ix86+x86_64 3.0.8 21.00 5.00 26.00 ERROR
r-patched-linux-x86_64 3.0.8 16.50 101.83 118.33 OK
r-patched-solaris-x86 3.0.8 226.60 OK
r-release-linux-x86_64 3.0.8 16.63 103.79 120.42 OK
r-release-windows-ix86+x86_64 3.0.8 27.00 165.00 192.00 OK
r-release-osx-x86_64 3.0.8 OK
r-oldrel-windows-ix86+x86_64 3.0.8 17.00 102.00 119.00 OK
r-oldrel-osx-x86_64 3.0.8 OK

Check Details

Version: 3.0.8
Check: whether package can be installed
Result: ERROR
    Installation failed.
Flavor: r-devel-windows-ix86+x86_64