CRAN Package Check Results for Package BioCro

Last updated on 2025-01-21 19:49:24 CET.

Flavor Version Tinstall Tcheck Ttotal Status Flags
r-devel-linux-x86_64-debian-clang 3.1.3 138.00 120.21 258.21 NOTE
r-devel-linux-x86_64-debian-gcc 3.1.3 94.48 76.49 170.97 NOTE
r-devel-linux-x86_64-fedora-clang 3.1.3 500.58 NOTE
r-devel-linux-x86_64-fedora-gcc 3.1.3 474.66 NOTE
r-devel-windows-x86_64 3.1.3 184.00 188.00 372.00 NOTE
r-patched-linux-x86_64 3.1.3 134.13 114.19 248.32 NOTE
r-release-linux-x86_64 3.1.3 136.41 115.70 252.11 NOTE
r-release-macos-arm64 3.1.3 153.00 NOTE
r-release-macos-x86_64 3.1.3 151.00 NOTE
r-release-windows-x86_64 3.1.3 193.00 187.00 380.00 NOTE
r-oldrel-macos-arm64 3.1.3 150.00 NOTE
r-oldrel-macos-x86_64 3.1.3 282.00 NOTE
r-oldrel-windows-x86_64 3.1.3 222.00 234.00 456.00 NOTE

Additional issues

rchk

Check Details

Version: 3.1.3
Check: C++ specification
Result: NOTE Specified C++11: please drop specification unless essential Flavors: r-devel-linux-x86_64-debian-clang, r-devel-linux-x86_64-debian-gcc, r-devel-linux-x86_64-fedora-clang, r-devel-linux-x86_64-fedora-gcc, r-devel-windows-x86_64, r-patched-linux-x86_64, r-release-linux-x86_64, r-release-macos-arm64, r-release-macos-x86_64, r-release-windows-x86_64, r-oldrel-macos-arm64, r-oldrel-macos-x86_64, r-oldrel-windows-x86_64

Version: 3.1.3
Check: for GNU extensions in Makefiles
Result: NOTE GNU make is a SystemRequirements. Flavors: r-patched-linux-x86_64, r-release-linux-x86_64, r-release-macos-arm64, r-release-macos-x86_64, r-release-windows-x86_64, r-oldrel-macos-arm64, r-oldrel-macos-x86_64, r-oldrel-windows-x86_64

Version: 3.1.3
Check: installed package size
Result: NOTE installed size is 19.0Mb sub-directories of 1Mb or more: data 2.0Mb libs 16.7Mb Flavors: r-release-macos-arm64, r-release-macos-x86_64, r-oldrel-macos-arm64, r-oldrel-macos-x86_64