CRAN Package Check Results for Package BiDAG

Last updated on 2019-03-24 11:50:59 CET.

Flavor Version Tinstall Tcheck Ttotal Status Flags
r-devel-linux-x86_64-debian-clang 1.1.2 24.43 71.64 96.07 OK
r-devel-linux-x86_64-debian-gcc 1.1.2 18.31 55.71 74.02 OK
r-devel-linux-x86_64-fedora-clang 1.1.2 120.76 OK
r-devel-linux-x86_64-fedora-gcc 1.1.2 119.12 OK
r-devel-windows-ix86+x86_64 1.1.2 69.00 159.00 228.00 OK
r-patched-linux-x86_64 1.1.2 16.56 68.11 84.67 OK
r-patched-solaris-x86 1.1.2 140.80 OK
r-release-linux-x86_64 1.1.2 0.35 2.39 2.74 ERROR
r-release-windows-ix86+x86_64 1.1.2 39.00 117.00 156.00 OK
r-release-osx-x86_64 1.1.2 OK
r-oldrel-windows-ix86+x86_64 1.1.2 34.00 119.00 153.00 OK
r-oldrel-osx-x86_64 1.1.2 OK

Check Details

Version: 1.1.2
Check: whether package can be installed
Result: ERROR
    Installation failed.
Flavor: r-release-linux-x86_64