Last updated on 2021-04-21 04:48:51 CEST.
Flavor | Version | Tinstall | Tcheck | Ttotal | Status | Flags |
---|---|---|---|---|---|---|
r-devel-linux-x86_64-debian-clang | 5.0.2 | 11.45 | 104.68 | 116.13 | OK | |
r-devel-linux-x86_64-debian-gcc | 5.0.2 | 9.90 | 78.57 | 88.47 | OK | |
r-devel-linux-x86_64-fedora-clang | 5.0.2 | 147.77 | OK | |||
r-devel-linux-x86_64-fedora-gcc | 5.0.2 | 136.05 | OK | |||
r-devel-windows-ix86+x86_64 | 5.0.2 | 27.00 | 96.00 | 123.00 | OK | |
r-devel-windows-x86_64-gcc10-UCRT | 5.0.2 | OK | ||||
r-patched-linux-x86_64 | 5.0.2 | 11.03 | 94.62 | 105.65 | WARN | |
r-patched-solaris-x86 | 5.0.2 | 197.60 | OK | |||
r-release-linux-x86_64 | 5.0.2 | 11.26 | 95.12 | 106.38 | OK | |
r-release-macos-x86_64 | 5.0.2 | OK | ||||
r-release-windows-ix86+x86_64 | 5.0.2 | 27.00 | 102.00 | 129.00 | OK | |
r-oldrel-macos-x86_64 | 5.0.2 | OK | ||||
r-oldrel-windows-ix86+x86_64 | 5.0.2 | 33.00 | 114.00 | 147.00 | OK |
Version: 5.0.2
Check: whether package can be installed
Result: WARN
Found the following significant warnings:
Rd warning: /tmp/Rtmp8DSv9L/R.INSTALLee813be98cf/Bergm/man/bergmC.Rd:42: file link ‘control.simulate.formula’ in package ‘ergm’ does not exist and so has been treated as a topic
Rd warning: /tmp/Rtmp8DSv9L/R.INSTALLee813be98cf/Bergm/man/bergmC.Rd:55: file link ‘control.simulate.formula’ in package ‘ergm’ does not exist and so has been treated as a topic
Rd warning: /tmp/Rtmp8DSv9L/R.INSTALLee813be98cf/Bergm/man/bergmC.Rd:57: file link ‘control.simulate.formula’ in package ‘ergm’ does not exist and so has been treated as a topic
Rd warning: /tmp/Rtmp8DSv9L/R.INSTALLee813be98cf/Bergm/man/ergmAPL.Rd:24: file link ‘control.simulate.formula’ in package ‘ergm’ does not exist and so has been treated as a topic
Rd warning: /tmp/Rtmp8DSv9L/R.INSTALLee813be98cf/Bergm/man/ergmAPL.Rd:26: file link ‘control.simulate.formula’ in package ‘ergm’ does not exist and so has been treated as a topic
Rd warning: /tmp/Rtmp8DSv9L/R.INSTALLee813be98cf/Bergm/man/ergmAPL.Rd:28: file link ‘control.simulate.formula’ in package ‘ergm’ does not exist and so has been treated as a topic
Rd warning: /tmp/Rtmp8DSv9L/R.INSTALLee813be98cf/Bergm/man/evidenceCJ.Rd:41: file link ‘control.simulate.formula’ in package ‘ergm’ does not exist and so has been treated as a topic
Rd warning: /tmp/Rtmp8DSv9L/R.INSTALLee813be98cf/Bergm/man/evidenceCJ.Rd:45: file link ‘control.simulate.formula’ in package ‘ergm’ does not exist and so has been treated as a topic
Rd warning: /tmp/Rtmp8DSv9L/R.INSTALLee813be98cf/Bergm/man/evidenceCJ.Rd:49: file link ‘control.simulate.formula’ in package ‘ergm’ does not exist and so has been treated as a topic
Rd warning: /tmp/Rtmp8DSv9L/R.INSTALLee813be98cf/Bergm/man/evidencePP.Rd:37: file link ‘control.simulate.formula’ in package ‘ergm’ does not exist and so has been treated as a topic
Rd warning: /tmp/Rtmp8DSv9L/R.INSTALLee813be98cf/Bergm/man/evidencePP.Rd:39: file link ‘control.simulate.formula’ in package ‘ergm’ does not exist and so has been treated as a topic
Rd warning: /tmp/Rtmp8DSv9L/R.INSTALLee813be98cf/Bergm/man/evidencePP.Rd:41: file link ‘control.simulate.formula’ in package ‘ergm’ does not exist and so has been treated as a topic
Flavor: r-patched-linux-x86_64