CRAN Package Check Results for Package BVSNLP

Last updated on 2019-09-22 19:51:16 CEST.

Flavor Version Tinstall Tcheck Ttotal Status Flags
r-devel-linux-x86_64-debian-clang 1.1.8 64.35 34.18 98.53 OK
r-devel-linux-x86_64-debian-gcc 1.1.8 61.97 28.39 90.36 OK
r-devel-linux-x86_64-fedora-clang 1.1.8 144.23 NOTE
r-devel-linux-x86_64-fedora-gcc 1.1.8 152.18 OK
r-devel-windows-ix86+x86_64 1.1.8 165.00 125.00 290.00 OK
r-patched-linux-x86_64 1.1.8 68.41 35.50 103.91 OK
r-patched-solaris-x86 1.1.8 155.70 OK
r-release-linux-x86_64 1.1.8 64.56 35.41 99.97 OK
r-release-windows-ix86+x86_64 1.1.8 150.00 119.00 269.00 OK
r-release-osx-x86_64 1.1.8 NOTE
r-oldrel-windows-ix86+x86_64 1.1.8 109.00 106.00 215.00 OK
r-oldrel-osx-x86_64 1.1.8 NOTE

Check Details

Version: 1.1.8
Check: installed package size
Result: NOTE
     installed size is 17.4Mb
     sub-directories of 1Mb or more:
     libs 17.3Mb
Flavors: r-devel-linux-x86_64-fedora-clang, r-release-osx-x86_64, r-oldrel-osx-x86_64

Version: 1.1.8
Check: package dependencies
Result: NOTE
    Package suggested but not available for checking: ‘doMPI’
Flavors: r-release-osx-x86_64, r-oldrel-osx-x86_64