CRAN Package Check Results for Package AMR

Last updated on 2019-09-24 07:48:29 CEST.

Flavor Version Tinstall Tcheck Ttotal Status Flags
r-devel-linux-x86_64-debian-clang 0.7.1 20.90 690.93 711.83 OK
r-devel-linux-x86_64-debian-gcc 0.7.1 16.76 465.12 481.88 OK
r-devel-linux-x86_64-fedora-clang 0.7.1 659.13 NOTE
r-devel-linux-x86_64-fedora-gcc 0.7.1 579.98 OK
r-devel-windows-ix86+x86_64 0.7.1 53.00 568.00 621.00 NOTE
r-patched-linux-x86_64 0.7.1 19.14 540.98 560.12 OK
r-patched-solaris-x86 0.7.1 730.10 NOTE
r-release-linux-x86_64 0.7.1 19.48 551.18 570.66 OK
r-release-windows-ix86+x86_64 0.7.1 49.00 631.00 680.00 NOTE
r-release-osx-x86_64 0.7.1 NOTE
r-oldrel-windows-ix86+x86_64 0.7.1 31.00 475.00 506.00 NOTE
r-oldrel-osx-x86_64 0.7.1 NOTE

Check Details

Version: 0.7.1
Check: installed package size
Result: NOTE
     installed size is 5.1Mb
     sub-directories of 1Mb or more:
     data 3.1Mb
Flavors: r-devel-linux-x86_64-fedora-clang, r-devel-windows-ix86+x86_64, r-patched-solaris-x86, r-release-windows-ix86+x86_64, r-release-osx-x86_64, r-oldrel-windows-ix86+x86_64, r-oldrel-osx-x86_64