CRAN Package Check Results for Package ADMMnet

Last updated on 2019-08-18 07:48:45 CEST.

Flavor Version Tinstall Tcheck Ttotal Status Flags
r-devel-linux-x86_64-debian-clang 0.1 43.18 57.96 101.14 NOTE
r-devel-linux-x86_64-debian-gcc 0.1 32.52 45.89 78.41 NOTE
r-devel-linux-x86_64-fedora-clang 0.1 132.00 NOTE
r-devel-linux-x86_64-fedora-gcc 0.1 130.79 NOTE
r-devel-windows-ix86+x86_64 0.1 58.00 164.00 222.00 NOTE
r-patched-linux-x86_64 0.1 33.09 56.85 89.94 NOTE
r-patched-solaris-x86 0.1 159.90 NOTE
r-release-linux-x86_64 0.1 36.07 57.03 93.10 NOTE
r-release-windows-ix86+x86_64 0.1 61.00 95.00 156.00 NOTE
r-release-osx-x86_64 0.1 NOTE
r-oldrel-windows-ix86+x86_64 0.1 73.00 122.00 195.00 OK
r-oldrel-osx-x86_64 0.1 NOTE

Check Details

Version: 0.1
Check: line endings in C/C++/Fortran sources/headers
Result: NOTE
    Found the following sources/headers with CR or CRLF line endings:
     inst/include/ADMMnet.h
     inst/include/ADMMnet_RcppExports.h
    Some Unix compilers require LF line endings.
Flavors: r-devel-linux-x86_64-debian-clang, r-devel-linux-x86_64-debian-gcc, r-devel-linux-x86_64-fedora-clang, r-devel-linux-x86_64-fedora-gcc, r-devel-windows-ix86+x86_64, r-patched-linux-x86_64, r-patched-solaris-x86, r-release-linux-x86_64, r-release-windows-ix86+x86_64, r-release-osx-x86_64

Version: 0.1
Check: installed package size
Result: NOTE
     installed size is 6.3Mb
     sub-directories of 1Mb or more:
     libs 6.1Mb
Flavors: r-devel-linux-x86_64-fedora-clang, r-release-osx-x86_64, r-oldrel-osx-x86_64

Version: 0.1
Check: compiled code
Result: NOTE
    File ‘ADMMnet/libs/ADMMnet.so’:
     Found no calls to: ‘R_registerRoutines’, ‘R_useDynamicSymbols’
    
    It is good practice to register native routines and to disable symbol
    search.
    
    See ‘Writing portable packages’ in the ‘Writing R Extensions’ manual.
Flavors: r-devel-linux-x86_64-fedora-clang, r-devel-linux-x86_64-fedora-gcc